*k**2 + k - 9. List the prime factors of r(-3).
3, 59
Suppose -o + 5*g = -3*o - 9, 0 = -5*o - 5*g. Suppose -o*z = -y + 116, 2*y = -3*y + z + 608. List the prime factors of y.
2, 61
Let g(n) = n - 3. Let q be g(5). Suppose q*h = 3*h - 38. List the prime factors of h.
2, 19
Let g(m) = 2*m**2 + 12*m - 4. Let k(n) = -n**2 + 6*n - 9. Let d be k(6). List the prime factors of g(d).
2, 5
Let s(g) = 3*g + 9. Let u(z) = 1. Let b(r) = s(r) - 18*u(r). Suppose -147 = -5*x - 16*x. List the prime factors of b(x).
2, 3
Suppose -4*y + 4*v = -36, -4*v - 15 = -3*y + 15. Suppose 34*f + 29 = 31*f + 4*b, 2*f - 4 = -2*b. List the prime factors of 48 + (1 - y - f).
2, 23
Suppose 5*p - 6 = -26. Let w = p + 58. List the prime factors of w.
2, 3
Suppose -8*s + 14 = -s. Suppose -4*c = -s*z + 44, -16 = 2*z - 3*z - c. What are the prime factors of z?
2, 3
Let v = 4154 + -1566. List the prime factors of v.
2, 647
Let p(k) = 13*k**2 - 3*k - 9. What are the prime factors of p(-6)?
3, 53
Suppose 336 = s - 0. Suppose 7*h = 3*h + s. What are the prime factors of h?
2, 3, 7
Let g be (-8)/6 + 2 - (-28)/12. Suppose g*i = 11*i - 936. List the prime factors of i.
3, 13
Suppose 2271 = 3*i + 45. What are the prime factors of i?
2, 7, 53
Suppose -4*t + 38 = -2*t. Suppose -q + 5 = -t. What are the prime factors of q?
2, 3
Let m(q) = -q**3 - 3*q**2 - 3*q - 35. Let k be m(-4). Let b(d) = 4*d - d - d**3 - d - 7 - 6*d**2. List the prime factors of b(k).
2, 7
Let i(r) = r - 10. Let j be i(12). Let w be 5/(-1) + j - -618. What are the prime factors of 2/(-11) - w/(-55)?
11
Let z = 9 - -13. Suppose z = w - 42. What are the prime factors of w?
2
Suppose -9 = 3*b - 66. Let v = b + -14. Suppose v = k - 2. List the prime factors of k.
7
Let h(k) = k**3 - 6*k**2 + 4*k - 3. Suppose 4*z - 10 = 2*z. Let q be h(z). Let s = q - -22. What are the prime factors of s?
2, 7
Suppose 4*b + 10*b - 2058 = 0. What are the prime factors of (-3)/(b/50 + -3)?
2, 5
Let g(h) = 3*h**3 - 23*h + 10. List the prime factors of g(7).
2, 439
Let b(k) = 674*k**2 + 15*k. List the prime factors of b(2).
2, 29, 47
Let a = 508 - -189. List the prime factors of a.
17, 41
Suppose -z = 2*j - 104, -3*j - 45 = -4*j - 4*z. Suppose 0 = 2*v + d - 25, v - d + j = 5*v. List the prime factors of v.
2, 7
Let u = 23 + 197. List the prime factors of u.
2, 5, 11
Let d be ((-2)/(-4))/(1/38). Let a = d - 15. Suppose -a*p + 24 + 24 = 0. What are the prime factors of p?
2, 3
Let s(i) = i**3 - 6*i**2 + 5*i + 5. Let n be s(5). Suppose -n*c = -2*c - p - 191, 5*p = -25. What are the prime factors of c?
2, 31
Suppose -7910 = -14*g - 210. List the prime factors of g.
2, 5, 11
Suppose -15*p - 5*p = -40. Suppose -p*j = -15*j + 507. What are the prime factors of j?
3, 13
Suppose -3*j + 4*y = -70, 52 = 5*j + 3*y - 26. Suppose 3*a + i - 165 = 0, a = -0*i + 2*i + 62. Let h = a - j. What are the prime factors of h?
2, 19
Let d be (-3)/(2 - 142/68). Suppose -3*o + 3 = 0, -46 = -c + 4*c + 5*o. Let z = d + c. What are the prime factors of z?
17
What are the prime factors of (-832370)/(-1150) - (-9)/(-5)?
2, 19
Suppose -13*h + 14*h - 116 = 2*a, 0 = 4*h + a - 455. What are the prime factors of h?
2, 3, 19
Let h be 6*-8 - (-4)/2. Let x = 10 - h. Suppose -r - r = -x. What are the prime factors of r?
2, 7
Suppose -3510 = -4*b - 2*w, -41*b - 3*w + 1753 = -39*b. List the prime factors of b.
2, 439
List the prime factors of 2039 + -10 - (-6 - -10).
3, 5
Suppose -37*r - 5 = -38*r. Suppose 3 = h + 5, r*h - 595 = -5*v. List the prime factors of v.
11
Suppose 2*r - 990 = -3*r. List the prime factors of r.
2, 3, 11
Suppose 6 = 2*k - 2. Suppose -k*j - 586 = -6*j - 3*i, -j + 293 = -4*i. What are the prime factors of j?
293
Suppose s - 3357 = -3*h, 5*s - 16709 = 4*h - 0*h. List the prime factors of s.
3, 5, 223
Suppose -2*u = 6, -6*u + 81 = 2*l - u. List the prime factors of l.
2, 3
Suppose -2*d + 2*a + 454 = 0, -3*d - d + 878 = 2*a. What are the prime factors of d?
2, 3, 37
Suppose 71*s - 69*s = 180. Let g be 2*((-125)/(-2) - -2). Let j = g - s. What are the prime factors of j?
3, 13
Let a = -361 + 426. What are the prime factors of a?
5, 13
Let m(a) = a + 2. Let p be m(0). Suppose 3*r - 3*g = 18, 0*r - p*g - 6 = -r. List the prime factors of 22/(-33) + 40/r.
2, 3
Suppose 6*t = 3*t + 3. Let p be (1 - t) + 1 - -3. Suppose p*v - 2*v - 78 = 0. What are the prime factors of v?
3, 13
Let t(a) be the third derivative of -a**6/120 + 17*a**5/60 + 19*a**3/6 - 2*a**2. Let o be t(17). Let h = 23 - o. List the prime factors of h.
2
Suppose 0 = -6*j + 30. Suppose 2 = -j*t + 4*t. What are the prime factors of (0 - 4) + (-18)/t?
5
Let t = -61 - -66. Suppose 420 = t*k - p - 4*p, 5*k + p = 414. List the prime factors of k.
83
Let u be (-72)/15*250/(-3). Suppose -4*s - 100 = -u. What are the prime factors of s?
3, 5
Suppose 0*b = 3*h + 2*b + 16, -5*h + 3*b = -5. Let x = h + 7. Suppose -7*o + 11 = -3*o - x*g, 3*o - 2*g - 17 = 0. List the prime factors of o.
3
Let b(z) = 36*z**2 + 10*z + 7. List the prime factors of b(-7).
3, 7
Let t = 10831 + -5636. What are the prime factors of t?
5, 1039
Suppose 3*r - 19 = -0*r + h, -3*r - h = -11. Suppose z + 2*w = 3*z - 264, 4*z + r*w - 519 = 0. What are the prime factors of z?
131
Suppose 3 = 2*v - v. Let t(r) = -r**2 + 4*r + 1. Let q be t(v). Suppose 96 = 4*p - q*x, 3*p + 4*x = 2*x + 52. What are the prime factors of p?
2, 5
Let j = -4184 + 6571. List the prime factors of j.
7, 11, 31
Suppose 2*q = 7*q + 3*h - 600, 2*q - 4*h = 240. What are the prime factors of q*(-4)/(-20)*(-2 - -4)?
2, 3
Let p = 1033 - 461. What are the prime factors of p?
2, 11, 13
Let k(p) be the third derivative of -p**6/120 - p**5/10 - 7*p**4/24 - 2*p**3/3 - 28*p**2. What are the prime factors of k(-7)?
2, 47
Let j = 0 + 11. Let w = -44 - j. What are the prime factors of 4/8 - w/2?
2, 7
Suppose 2*g - 60 - 108 = 0. Let v = g - 18. What are the prime factors of v?
2, 3, 11
Suppose -2894 = -11*k + 186. List the prime factors of k.
2, 5, 7
Let d(t) be the second derivative of -t**5/10 + t**4/6 + t**3/3 + 3*t**2/2 - 5*t. What are the prime factors of d(-3)?
3, 23
Let w(x) = 2*x**2 + 4*x - 23. Let m be w(-8). Let c = m + 168. List the prime factors of c.
241
Let p = 414 - -235. List the prime factors of p.
11, 59
Let p(r) = -6*r - 13. Let h be p(-3). Suppose 0 = h*g + 5*t - 405, -g + 2*t = -3*t - 111. What are the prime factors of g?
2, 43
Let w = -43 + 101. Suppose 36 = -2*y + 4*z, w = -2*y + 2*z + 14. Let q = y + 54. What are the prime factors of q?
2, 7
Let b be 4 + (-32 - -1) + -1*3. Let s = b + 44. What are the prime factors of s?
2, 7
Suppose -l + 155 = 5*a + 37, -4*l - 3*a = -489. What are the prime factors of l?
3, 41
Suppose 0 = 5*u - j - 21898, 3*u - 4734 = -4*j + 8391. List the prime factors of u.
29, 151
Let z(f) = -f**2 + 4*f - 2. Let n be z(2). Suppose n*y = 5*y + 5*w + 14, 0 = -2*w + 10. Let b = 23 + y. What are the prime factors of b?
2, 5
Let o(l) = -32*l - 85. Let m(t) = 11*t + 28. Let n be ((-8)/(-7))/(8/28). Let x(z) = n*o(z) + 11*m(z). List the prime factors of x(-14).
2, 3, 11
Let o(m) = -5*m - 17. Suppose 0 = 4*g - 41 + 113. Let x = -23 - g. List the prime factors of o(x).
2
Let v(c) = -6*c - 3. Let s be v(-5). Suppose h + s - 97 = 0. Suppose 4*z - h - 54 = 0. List the prime factors of z.
31
Let k = -13 + 10. List the prime factors of -2 + 6 + (35 - k).
2, 3, 7
What are the prime factors of (-52 - -60) + (1 - -316)?
5, 13
Let z = -30 - -39. Suppose -5*x = -43 - 7. Suppose -x = 4*i - z*i. List the prime factors of i.
2
Let j = -399 + 485. List the prime factors of j.
2, 43
Let v(p) = -9 - 1 + 11 + 0 + p. Let b be v(9). Suppose 3*k + 87 = 5*r, -b = -3*r + 2*k + 42. What are the prime factors of r?
2, 3
Let p = -300 + 753. What are the prime factors of p?
3, 151
Let b(q) be the first derivative of -3*q + 9/2*q**2 - 8. What are the prime factors of b(5)?
2, 3, 7
Let u = -4 - -182. Suppose 4*r = 2*i + 182, -52 + u = 3*r + 2*i. List the prime factors of r.
2, 11
What are the prime factors of (6/12*-11)/(2/(-188))?
11, 47
Suppose -f = 111 - 531. Suppose -5 = -3*r - 7*t + 6*t, 3*t - 15 = 0. Suppose 6*i = -r*i + f. List the prime factors of i.
2, 5, 7
Let x(g) = g**3 + g**2 - g. Let t(s) = 3*s**3 + 17*s**2 + 16*s - 24. Let h(a) = -t(a) + 2*x(a). List the prime factors of h